6?
-3
Evaluate -1 + -4 + -3 + 6 + 7.
5
What is 4 + 2 + -2 + -2?
2
What is the value of -5 + (-3 - -5) - -6?
3
3 + (0 - -5 - 3) + -1
4
(-6 - -1) + 18 + -9
4
What is the value of (-3 - -5 - (-1 - 0)) + 0?
3
What is the value of 19 + -9 - (0 + 8)?
2
What is (-22 - -32) + 1 + -4 - 5?
2
What is the value of 2 - (2 - (-3 + 3 + 4))?
4
Evaluate 9 - (1 + 4 + -1 + 0).
5
Evaluate -4 - 0 - (6 + -27 + 15).
2
Calculate (2 + -3 - 2) + (-83 - -86).
0
What is 2 + (-1 - (1 - -2)) - -4?
2
What is -4 - (-31 + 13 + 4)?
10
Calculate -3 - (-4 - (-1 - (-2 + 1))).
1
Evaluate 1 + 1 + -3 + 6.
5
4 + (9 + -5 + -1 - 5)
2
What is -2 + 9 + (-2 - 3)?
2
Evaluate 6 + -8 - (3 + 1 + -3).
-3
Calculate 9 - (-3 + -4 - (10 - 19)).
7
(-15 - -10 - -3) + 9
7
-1 + (-2 + 6 - 6)
-3
What is -5 - ((-4 - -7) + (-3 - 2))?
-3
Calculate 45 + -44 - (0 + 4).
-3
What is the value of -3 + -2 - (-10 - (13 - 22))?
-4
Calculate 0 + 4 + -8 - (-12 - -10).
-2
What is the value of 0 - ((0 - -2) + -10)?
8
Calculate 6 - (-2 - -4) - 0.
4
Calculate 2 + -5 + -4 - -11.
4
Calculate (16 - 11) + (-2 - 0).
3
Calculate -1 + 0 + (5 + -9 - -1).
-4
3 - (1 - (-10 + 8))
0
What is 7 - (-4 + 5 + 4)?
2
(-12 - -18) + -4 + 1 + -2
1
Calculate 3 - 1 - (5 - 2).
-1
Evaluate (-5 + (-1 - -9) - -1) + -6.
-2
What is 0 + (-2 - (-8 - -3)) + -8?
-5
1 - (-3 - -2) - (2 + -1)
1
Calculate 7 - (1 + 1 + 3 + -5).
7
Calculate 0 - ((-3 - 1) + 6).
-2
Calculate -1 + 0 + 4 + -4.
-1
-6 - (-2 + -3 - -3 - 0)
-4
Calculate 0 + 1 - ((9 - 4) + -1).
-3
2 - (1 + 4 + -6 + 0)
3
Evaluate -3 + -1 - 1 - (-20 + 13).
2
Calculate -4 - ((-2 - 1) + 2).
-3
What is the value of -2 - (3 - -5 - 5)?
-5
Calculate 3 + (9 - (13 + -1)).
0
Calculate (-2 - (-3 - 1)) + -2.
0
Calculate (-5 + 5 - 5) + 7.
2
Evaluate -44 + 31 - (-9 - -1).
-5
Calculate (19 + -5 - 7) + -10.
-3
What is the value of (2 - 6) + (-11 - -14)?
-1
Evaluate -9 - ((1 - -2) + -8).
-4
Evaluate (-9 - -18) + -19 - -1.
-9
9 - 16 - (3 - 2) - -14
6
2 - (1 + 2) - (29 + -31)
1
10 + (1 - 14) + 3
0
What is the value of (1 - (16 - 4)) + 5?
-6
What is (4 + 0 - 3) + 3?
4
7 - (0 + 8) - (-1 + -2)
2
Evaluate -78 + 80 + (1 - -1).
4
Evaluate 62 - 52 - (11 + 1).
-2
-1 - (-5 - 0 - 0)
4
Evaluate 13 + -28 - (-1 + 1 + -5).
-10
What is the value of 5 + (-18 - -7) + 1?
-5
Calculate 3 + 9 + -17 + 8.
3
What is the value of -2 - (1 + -2 + 2 - 5)?
2
What is (-6 + 16 - 14) + 7?
3
What is 0 - (0 - (-2 - (2 + 3)))?
-7
Evaluate 4 + (1 - 4) + (10 - 6).
5
What is -4 + (4 - -7) + -7?
0
What is (-6 + 10 - (4 - 1)) + -6?
-5
3 - (4 - (-2 - -4))
1
Calculate 2 - -13 - 9 - 3.
3
15 - 8 - 10 - 7
-10
Calculate 4 - (0 + 3) - (2 + -5).
4
Calculate (-4 + 1 - -4) + (4 - 3).
2
What is the value of -2 - (0 - 0) - 1?
-3
Calculate (0 - -9) + -5 - 4.
0
-2 + 4 + (-2 - (5 - 3))
-2
What is the value of -4 - (2 - 5 - (2 - 0))?
1
217 + -222 + -1 + 10
4
What is 0 - 0 - (13 + -1 + -8)?
-4
Calculate -5 + -1 + 3 + 4 + -1.
0
-8 + (6 - (8 - 12))
2
What is 3 - (-3 + -2 - (-13 + 9))?
4
What is 2 + (16 - 22 - (-5 + 1))?
0
1 - (1 + -3 + (2 - -6))
-5
What is the value of -2 - -7 - (4 - 3)?
4
What is (-82 - -90) + (-10 - 2)?
-4
0 + (-5 - -9) + -1
3
Evaluate (2 - 2 - -1) + 0.
1
What is (5 - (10 - 7)) + -4?
-2
-7 + (-5 - -3 - (-4 - 1))
-4
2 + -1 - (48 - 42)
-5
What is (-1 - -2) + (-3 - 0)?
-2
What is -2 + (2 - 8) + (-117 - -121)?
-4
What is 3 - -1 - (3 + 4)?
-3
Calculate 4 - 6 - (2 + -1 + -1).
-2
What is 6 - 8 - (8 - 10)?
0
-1 + (4 - 3) + (-3 - -3)
0
What is 0 + 2 + (9 - 6) + -2?
3
Evaluate (-6 - -4) + (-1 - 2).
-5
Calculate 1 + 1 + 1 + (15 - 20).
-2
Calculate -5 + 1 - 3 - -16.
9
What is 6 - (12 + 0 + -3)?
-3
What is the value of 2 - (2 - (-3 - (4 - 9)))?
2
What is the value of 1 + -2 + 1 + 0 + 1?
1
What is -8 + (-8 - -6 - -15) + -7?
-2
What is 15 + -13 + -11 + 3?
-6
What is the value of -1 - (1 - (4 + 2))?
4
-3 + -2 + (-6 - -11) + -3
-3
-6 + (15 - 2) + -7
0
What is 8 - (10 + (7 - 8))?
-1
Evaluate (6 - 1) + 2 + -6 - -4.
5
What is 0 - -7 - (-7 - -7)?
7
Calculate -3 + 8 + -1 - -1.
5
Evaluate 0 + 7 - (-13 + 17).
3
-3 - (-4 + (-2 - -11))
-8
Calculate -2 - (2 + (1 - 0)).
-5
Calculate (-1 - -13) + 14 + -16 + -4.
6
-395 + 393 + 4 + 1 + -1
2
What is the value of (-9 - (1 - -1) - -4) + 4?
-3
What is the value of 3 + -1 + -2 - -1 - 3?
-2
What is the value of -2 + (8 - (2 - 0))?
4
-173 + 169 + (1 - 3) + -1
-7
What is 15 - (6 - (-8 + 6))?
7
What is -1 - (2 - 5) - 20 - -8?
-10
What is -7 - (-6 + (4 - -5) + -1)?
-9
What is 0 - (5 - (-1 - 0))?
-6
Calculate (3 - (0 - -1)) + -5.
-3
(0 - 13) + 46 + -39
-6
(8 - (-3 - -11)) + 0
0
What is the value of -1 - (5 - (4 - 0))?
-2
Calculate -5 - -1 - (-3 + 11 - 15).
3
What is -5 + 8 + -3 + -1?
-1
What is 6 - (0 + (7 - 5))?
4
What is 0 + (-3 - 0 - 0) + -2?
-5
What is -5 - -6 - (2 + -5)?
4
What is the value of 2 - 6 - 2 - -10?
4
What is the value of 26 + -34 + (2 - -1)?
-5
Evaluate 8 + (8 + -3 + -9 - 0).
4
What is the value of (-6 + 9 - (2 + 1)) + -1?
-1
Evaluate (-4 - -10 - 5) + 1.
2
Evaluate (1 - -1) + -6 + (38 - 33).
1
Calculate -7 + 15 - (4 + -4).
8
What is (-2 - -1) + (9 - 8) + 5?
5
Evaluate -1 + (2 + -4 - -1) + 4.
2
Evaluate (-22 - -20) + (0 - -5).
3
66 + -60 - (0 + 10)
-4
What is -12 + -3 + -13 + 24?
-4
Calculate (3 - 20) + 13 - 1.
-5
Calculate (0 - -1) + (2 - (4 + -2)).
1
Evaluate 3 - (1 + 1) - -1 - 3.
-1
What is the value of 4 - (3 + 5 + (3 - 3))?
-4
Calculate -16 + 32 + -4 + 1 + -6.
7
Calculate 6 + (6 - 8) + -5.
-1
What is -1 - -2 - ((9 - 2) + -13)?
7
Evaluate 6 + -1 + -10 - -4.
-1
What is the value of (-10 - -7) + (12 - 5)?
4
Calculate 29 + -29 + (-1 - 0).
-1
Calculate 7 + -5 + -1 + -9 + 4.
-4
Evaluate (-1 - 2) + 7 - (-1 + 2).
3
What is (-11 - (-5 - -3)) + 16?
7
-2 - -15 - (3 + 13)
-3
Calculate 2 + -2 + 1 + 3 + -5.
-1
Calculate -10 + 23 + (0 - 7).
6
Calculate -1 - (4 + -10 + (3 - 0)).
2
What is the value of (-3 - -3) + (-4 - -7) + 0?
3
(3 - 2 - (-8 + 11)) + 4
2
What is the value of 4 + -7 + 4 + 3 + -4?
0
What is -3 - (-3 - 1 - -5)?
-4
What is -6 + -6 + 8 - 0?
-4
Evaluate 3 + (5 - 10) - -2.
0
Evaluate -4 - (2 + (-2 - 2) + 2).
-4
4 - (0 + (3 - 4))
5
Evaluate 1 - (2 - 6 - (2 - 9)).
-2
Evaluate -2 + (2 - 2) - (2 + -3).
-1
Evaluate 2 + -8 - -10 - 8.
-4
What is the value of (-6 - -2) + 10 + -8 + -6?
-8
Evaluate 0 - ((1 - -2) + -4).
1
Calculate 0 - (1 + 1 + 1).
-3
(-1 - -1) + (19 - 5 - 12)
2
What is 3 + 1 + -4 - (-4 - -2)?
2
Calculate (-3 - -1) + -11 + 15 + -8.
-6
Calculate 2 + -8 + 17 + -6 + -7.
-2
Calculate -6 + (-1 - -12) + -6.
-1
Evaluate -3 + (-3 - -1) - -1.
-4
Calculate -7 - (1 - (-4 + 7 - -1)).
-4
What is the value of 2 - (-2 - (-1 - -1))?
4
Evaluate 0 - (-12 - -6 - -7).
-1
-17 + 14 - (3 + 1) - -4
-3
What is the value of (7 - -2) + -10 - (6 + 1)?
-8
What is (7 - 1 - 2) + -9 + 1?
-4
-2 + 3 + (-4 - (2 - 5))
0
Calculate -2 - ((1 - -1) + -4).
0
2 - -1 - ((2 - 11) + 7)
5
Calculate (-10 - (-1 + 4)) + 3.
-10
Calculate 1 + (3 + -2 - 5) + 6.
3
What is the value of 71 + -82 - (-21 - 1)?
11
What is the value of 3 + (3 - 2) + (-11 - -8)?
1
1 + ((-2 - 2) + 3 - -1)
1
What is 2 - (8 - (2 + 10))?
6
4 - (5 + 0 - (8 + -5))
2
Calculate -3 + 5 + 2 + (3 - 11).
-4
What is -3 - 0 - (-4 + 5)?
-4
(-7 - -11) + -3 + -4 + 0
-3
What is -8 + (-2 - (1 - 6))?
-5
Evaluate 9 - 25 - -21 - (1 + -2).
6
Evaluate (-1 + 0 - -2) + (1 - -1).
3
What is the value of -4 - (-7 + 3 - 6) - 1?
5
Calculate -1 - 8 - (88 + -97).
0
(0 - -1 - 4) + (29 - 29)
-3
What is -2 - -2 - 0 - -2?
2
Calculate (1 - 10 - -5 - -9) + -2.
3
1 + -22 + 11 - (0 - 2)
-8
-2 + 17 + -9 - 5
1
Calculate 0 - 1 - 1 - (-38 + 40).
-4
Calculate -2 - (-1 - (4 - 4)).
-1
What is the value of 2 + -3 - ((-1 - -1) + 1)?
-2
What is the value of (1 - 4) + (0 - -4) + -1?
0
What is the value of (-10 - (-9 + -5)) + -5 + -4?
-5
Calculate -2 + -3 + 5 + -3.
-3
(-8 - (-1 - 0)) + 1
-6
Evaluate 3 + (-10 - -6 - 2).
-3
What is (-8 - -3) + 2 - (-37 - -31)?
3
(7 - 7) + 5 + -3 - 4
-2
19 - (20 - 9) - 13
-5
Calculate (3 + -2 - (0 - 3)) + -3.
1
What is (0 - (10 + -2)) + 5?
-3
6 - (11 - 0 - (14 - 10))
-1
What is -10 + -3 + -5 + 18?
0
Evaluate -11 + 8 + (-2 - -3).
-2
What is the value of -2 + 5 + 2 + (-2 - 4)?
-1
Calculate (3 - (-6 - (3 + -6))) + -7.
-1
Evaluate (3 - 1) + 2 - (-14 + 11).
7
Evaluate 1 + 3 + (-86 - -89) + 3.
10
-5 + 4 + (3 - -1) + -5
-2
Evaluate (0 - (8 - 6)) + (-1 - 2).
-5
Evaluate (7 - 4 - 5) + 5.
3
What is 1 - (-1 - 1) - 2?
1
Evaluate -7 - 